et f(v) = -v**3 - 4*v**2 + 2*v + 5. Let i be 7 - (6 - 2 - 2). Suppose -16 - 4 = i*u. Let q be f(u). What is m(q)?
-7
Let s(d) be the third derivative of d**5/30 - 19*d**4/24 + 41*d**3/6 - 3*d**2 - 38*d. What is s(6)?
-1
Suppose 42 - 3 = -5*d + b, -26 = 3*d + 2*b. Let x be 5/2 - d/16. Let r be (-3)/(3/(0 + x)). Let i(j) = -j - 4. Calculate i(r).
-1
Let u(m) be the second derivative of -m**4/12 - m**3/2 - 3*m**2/2 - 523*m. Let d(l) = l. Let p be d(-6). What is u(p)?
-21
Let g(t) be the second derivative of 2*t**2 - 1/20*t**5 + t**3 - 3*t + 0 + 5/12*t**4. Determine g(6).
4
Let w(m) = -3*m - 7. Let a be (-9)/(-18) + (-49)/(-2). Suppose -5*q - a = 0, 0 = -3*p + 5*q - 4*q - 16. Determine w(p).
14
Let l = -288 - -290. Let q(u) be the second derivative of -1/6*u**3 + 4*u + 0 - 3/2*u**l. Calculate q(6).
-9
Let f(q) = -56*q**2 + 108*q**2 + 1 - 53*q**2 + 3*q. Determine f(-3).
-17
Let n = -2597 + 2602. Let o(b) = -b**3 + 5*b**2 + b + 7. Determine o(n).
12
Let x(g) be the first derivative of -g**5/20 + g**4/3 - g**3/6 + 3*g**2/2 - 32*g + 26. Let u(o) be the first derivative of x(o). Determine u(4).
-1
Let p(q) = -q**3 - q**2 + 3*q + 1. Let t be 104/16 - 2/4. Suppose -t*i = 4*i + 20. Determine p(i).
-1
Let b(g) be the first derivative of -g**2 - 3*g - 82. Calculate b(3).
-9
Let z(o) be the third derivative of -o**5/20 + o**4/12 + o**3/2 - 315*o**2. What is z(-5)?
-82
Let t(g) = -10*g - 17*g**2 + 12*g**2 + 4*g**2. Calculate t(-10).
0
Let p(s) = -2*s**2 - 2*s + 1. Let v be (-2)/(-4) + (-7)/(-2). Let r = v - 0. Suppose 0 = r*n - 2*k - k - 7, 0 = 3*k + 3. Calculate p(n).
-3
Let f(i) = -i**2 - 18*i - 30. Suppose 6*p - 29 = -125. Determine f(p).
2
Let x(r) = -2*r + 2. Let n(i) = 24 + i + 3*i - 7*i - 72. Let v be n(-14). Give x(v).
14
Let q(v) = v**2 + 8*v - 2. Let p be q(-9). Let x(k) = -5*k + p + 2 - 4 - 3 - k**2. Determine x(-7).
-12
Let a(t) = -t**2 + 5*t - 2. Let l(j) = 5*j - 50. Let v be l(12). Let y = v + -6. What is a(y)?
2
Suppose -u = -x, 2*x + 4*u = -u - 14. Let f(n) = -n - 8. Let z(c) = c - 1. Let m(d) = x*z(d) - f(d). Determine m(7).
3
Let p = -1621 - -1623. Let z(h) = -h**2 + h + 2. Give z(p).
0
Suppose -48 = -2*s + 8*s. Let u(a) = a**2 + 10*a - 9. Determine u(s).
-25
Let a(y) = y**2 + 7. Suppose d + 69 - 2 = 0. Let m = -67 - d. Give a(m).
7
Let z(u) be the second derivative of 5/6*u**3 + u + 1/12*u**4 - 4*u**2 + 0. Let p(c) = -c**3 - 9*c**2 - 12*c + 8. Let m be p(-7). What is z(m)?
-2
Let z(i) = -2*i + 23. Let a be z(10). Let v(h) = -2 + 3*h**2 + 54*h**3 - 7*h**2 - a*h - 56*h**3. Let p(m) = -m**2 - 8*m - 2. Let q be p(-8). Give v(q).
4
Let c(f) be the first derivative of -f**5/120 - 7*f**4/24 - 9*f**3 + 25. Let q(h) be the third derivative of c(h). Calculate q(-6).
-1
Let g(w) = w**2 + 4*w - 1. Suppose 3*o - a = -6, 5*a - 4 = 2*o - 0. Let h be g(o). Let x = 5 + h. Let f(z) = z**2 - 5. Give f(x).
-5
Let q(z) = z**3 - 2*z**2 + 1. Let x(s) = -16*s**3 + 4*s**2 - s - 3. Let m(j) = 2*q(j) + x(j). What is m(-1)?
14
Let x = -453 - -460. Let w(i) = i**3 - 7*i**2 - i - 6. What is w(x)?
-13
Let a(f) = -13*f + 9. Let d(m) be the second derivative of -19*m**3/3 + 13*m**2 - m. Let i(z) = -17*a(z) + 6*d(z). What is i(3)?
-18
Let o be ((-1)/3)/((-7)/105*-1). Let l(g) = -g**3 - 3*g**2 + 9*g. Give l(o).
5
Let f(a) = a + 1. Suppose 2*d = -0*d - 10, 0 = -2*g + d - 5. Let o(w) = w**2 + 4*w - 4. Let s be o(g). Suppose -z = n, s = -n - 2. Give f(z).
4
Suppose -62*m = -235 - 137. Let v(a) be the second derivative of -a**5/20 + 5*a**4/12 + 7*a**3/6 - a**2/2 + 3*a. What is v(m)?
5
Let n(h) = 3*h**3 - h**2 - h - 1. Let j(z) = -2*z**3 - 3*z**2 - 4*z + 2. Let d be j(-2). Suppose 0 = d*t - 4*t + 10. Calculate n(t).
-4
Let g(x) = -19*x - 1. Suppose 4*y - 4*c = -8, 4*y - c + 18 = 13. What is g(y)?
18
Let i(w) = -2*w**2 + 10*w + 3*w**2 - 2*w + 1 - w. Calculate i(-7).
1
Let m(t) = -24*t. Let s be (-2)/2*(-1)/(-1)*-1. Calculate m(s).
-24
Let d(q) be the second derivative of q**5/20 + 7*q**4/12 - 5*q**3/6 + 3*q**2 - 176*q. Give d(-8).
-18
Let q(s) = -10*s - 21. Let f(l) = 3*l + 7. Let j(u) = 7*f(u) + 2*q(u). Let v = 0 - -5. Let t(w) = w**2 - 7*w + 4. Let h be t(v). Determine j(h).
1
Let o(h) = 2 - 8*h**2 + h**3 - 15*h**2 + 7*h + 15*h**2. Suppose -3*b = -0*b - 114. Suppose 3*c - y = 16, -y = 4*c + y - b. Give o(c).
2
Let x be (2 + (-9)/(-3))/1. Let p = x - 0. Suppose -26 = p*v - 6. Let q(z) = -z**3 - 5*z**2 - 2*z - 2. Give q(v).
-10
Let d = 26 - 33. Let s(p) = -p**3 - 8*p**2 - 10*p + 1. Determine s(d).
22
Let z be -1 + 9/6*2. Let k(f) = 0 + 8 - 5 - z + 5*f. Give k(1).
6
Let y(p) = 7*p - 24. Let d be y(4). Let q be ((192/18)/4)/(d/(-6)). Let w(c) = 1. Let r(n) = -n + 2. Let v(j) = 4*r(j) - 5*w(j). What is v(q)?
19
Let u(q) = -7*q + 12*q - 4*q - 36 + 2*q. Calculate u(12).
0
Let d(g) = 2*g**2 - 75*g + 36. Let l be d(37). Let p(b) = 7*b**3 + 1. Calculate p(l).
-6
Suppose 0 = 2*v - 3 + 9. Let s = v - -5. Suppose -w = -3*k - 17, 2*w + s*k + 0 = 2. Let q(y) = y - 4. Give q(w).
1
Let l(p) = -4*p**3 - 10*p**2 + 5*p + 39. Let x(h) = -h**3 + 2*h**2 + h + 2. Let d(o) = l(o) - 3*x(o). What is d(-16)?
1
Let g(h) be the third derivative of h**9/60480 - h**8/4032 + h**7/1260 + h**6/360 - 13*h**5/60 - 10*h**2. Let k(w) be the third derivative of g(w). Give k(4).
2
Let o(s) = 16*s**3 - 14*s - 35*s**3 - 3 + 9*s**3 - 2 + 9*s**3 + 15*s**2. Give o(14).
-5
Suppose 2*l + 36 = 5*l. Suppose 4*n - l = 2*p, -2*n + 12 = 2*p - 0. Let a(h) be the first derivative of h**4/4 - h**3/3 + h**2/2 - h + 1. Determine a(p).
5
Let g(d) = d**2 + 15*d + 14. Let b be g(-14). Let j(l) be the third derivative of 0*l**3 + 0*l**5 + 1/12*l**4 - 4*l**2 - 1/120*l**6 + b + 0*l. What is j(2)?
-4
Let y be 28/(-24) + 6 + (-70)/12. Let l(o) = o**3 - 2*o**2 - o + 2. Give l(y).
0
Let d(m) = -m**2 - m + 1. Let l = 145 + -145. Calculate d(l).
1
Suppose 2*z + 3*q - 132 = 0, -5*z = -4*q + 5*q - 317. Let b = z + -57. Let r(s) = s**2 - 6*s + 2. Determine r(b).
2
Let c be (32/12 + -2)/(4/(-6)). Let n(p) = 12*p**3 + 2*p + 1. Give n(c).
-13
Let l(w) = w**3 - w**2. Suppose 5*a + 2*g - 9 = -8, 2*g = 3*a + 9. Give l(a).
-2
Let g(b) = -6*b**3 + b**2 + 2*b + 1. Let y(m) = m**3 - 28*m**2 - 4*m + 111. Let x be y(28). What is g(x)?
6
Let x(a) = -3*a**2 + 12*a + 30. Let o be x(6). Let c(h) be the third derivative of -h**6/120 - h**5/10 + h**3 - h**2. Give c(o).
6
Let v(y) = -y**3 - 40 - 4*y**2 + 37 + 0*y**3 - 5*y. Give v(-3).
3
Let u(m) = -2*m**2 + 2*m + 1. Suppose 4*c - 2*i - 4 = 0, 5*c - 2*i - 8 = -2. Let y be (-8)/(-4)*c/(-4). Give u(y).
-3
Suppose 3*v - 45 = 5*u, -4*u - 9 - 27 = 3*v. Let b(g) = g**3 + 9*g**2 - g + 3. Determine b(u).
12
Let m(k) be the first derivative of -k**6/180 + k**5/60 + 6*k**3 + 18. Let x(r) be the third derivative of m(r). Determine x(2).
-4
Let w(o) = 3*o - 1 + 0 + o**3 - 2*o. Let l be (-3)/(-7) + (-164)/(-287). What is w(l)?
1
Suppose 4 = h - 1. Let a = h - 1. Let d(c) = 2 + 4*c - a - 3*c. What is d(-5)?
-7
Suppose 4*x = -4*b + 16, 0 = -3*x - 0*b + 2*b - 13. Let i(r) be the first derivative of 3*r**2 - r - 17. Calculate i(x).
-7
Let s(b) = -b**2 + 21*b + 1. Let n = -2359 + 2380. What is s(n)?
1
Suppose -13*k + 11*k - 16 = 0. Let z be 10/6 + k/12. Let i(h) = -5*h. Determine i(z).
-5
Let b(d) be the second derivative of d**5/120 + d**4/12 + 14*d**3/3 + 7*d. Let w(y) be the second derivative of b(y). Give w(-6).
-4
Let s(b) = 1. Let c(g) = g + 5. Let u(d) = -c(d) + 5*s(d). Let j(h) = -7*h**2 - h. Let l be j(1). Let m = l + 13. Determine u(m).
-5
Let p(a) = a**3 + 12*a**2 - 12*a - 17. Let q = -20 + 7. Calculate p(q).
-30
Let l(a) be the second derivative of -a**3/6 - a**2 + 3*a. Suppose -3*o + 19 = 31, -5*y - 2*o = 33. Determine l(y).
3
Suppose 13*s + 43 = 30. Let d(x) = x**2 - x. Let k(w) = 5*w**2 - 6*w. Let i(g) = -11*d(g) + 2*k(g). Calculate i(s).
0
Let u = -26 - -29. Let w be 4 - (u - 2 - -9). Let j(g) = -g. Determine j(w).
6
Let z(b) be the third derivative of -5/6*b**3 + 0*b + 11*b**2 + 0 + 1/12*b**4 + 1/60*b**5. Suppose h = -2*h - 12. What is z(h)?
3
Let d(c) = -c**3 + 5*c**2 - 5. Suppose 3*u - 5*p = -52, -p = -u - 3*u - 75. Let a = -14 - u. Give d(a).
-5
Let g(x) be the third derivative of -x**6/60 + 31*x**5/60 + 19*x**4/24 - 19*x**3/3 + 548*x**2. Determine g(16).
10
Let i be 5 + -1 - 5/(5/(-2)). Let y(s) = -s**3 + 5*s**2